{"id":176,"date":"2023-03-05T15:22:40","date_gmt":"2023-03-05T14:22:40","guid":{"rendered":"https:\/\/www.metodcrea.org\/?page_id=176"},"modified":"2026-01-11T16:01:12","modified_gmt":"2026-01-11T15:01:12","slug":"au-bout-du-doigt","status":"publish","type":"page","link":"https:\/\/www.metodcrea.org\/index.php\/au-bout-du-doigt\/","title":{"rendered":"Au bout du doigt"},"content":{"rendered":"\n<p><strong>La premi\u00e8re publication de notre maison d&rsquo;\u00e9dition est un conte illustr\u00e9, \u00e9crit par Pierre-Etienne Dubois et illustr\u00e9 par Marion Savary<\/strong>.<\/p>\n\n\n\n<p>Au bout du doigt est un conte th\u00e9\u00e2tral qui parle de P\u00e9p\u00e9, n\u00e9 en Bresse, et qui a travaill\u00e9 la terre toute sa vie.<\/p>\n\n\n<div class=\"wp-block-image\">\n<figure class=\"alignright size-full is-resized\"><img loading=\"lazy\" decoding=\"async\" width=\"488\" height=\"700\" src=\"https:\/\/www.metodcrea.org\/wp-content\/uploads\/2024\/05\/CouvABDDLones.png\" alt=\"\" class=\"wp-image-260\" style=\"width:279px;height:336px\" srcset=\"https:\/\/www.metodcrea.org\/wp-content\/uploads\/2024\/05\/CouvABDDLones.png 488w, https:\/\/www.metodcrea.org\/wp-content\/uploads\/2024\/05\/CouvABDDLones-209x300.png 209w\" sizes=\"auto, (max-width: 488px) 100vw, 488px\" \/><\/figure>\n<\/div>\n\n\n<p>M\u00eame fait prisonnier par les Allemands, il y pensait chaque jour.<\/p>\n\n\n\n<p>Ses mains massives, charnues \u00e9taient le miroir de son \u00eatre. Mais au bout d&rsquo;un des ses doigts demeurait une toute petite zone d&rsquo;ombre. Et d\u00e8s son plus jeune \u00e2ge, son petit fils a voulu \u00e9claircir ce myst\u00e8re, qui les ann\u00e9es passant, il faut bien le dire, s&rsquo;est \u00e9paissi.<\/p>\n\n\n\n<p>A travers cette qu\u00eate, il y a la d\u00e9couverte d&rsquo;un a\u00efeul attachant, amusant, tendre, fac\u00e9tieux, humain et une l\u00e9g\u00e8re qu\u00eate existentielle pour celui qui raconte.<\/p>\n\n\n\n<p>A commander sur notre <a href=\"https:\/\/www.helloasso.com\/associations\/metod-crea\/boutiques\/livres-1\" target=\"_blank\" rel=\"noreferrer noopener\">boutique<\/a>&#8230;<\/p>\n","protected":false},"excerpt":{"rendered":"<p>La premi\u00e8re publication de notre maison d&rsquo;\u00e9dition est un conte illustr\u00e9, \u00e9crit par Pierre-Etienne Dubois et illustr\u00e9 par Marion Savary. Au bout du doigt est un conte th\u00e9\u00e2tral qui parle de P\u00e9p\u00e9, n\u00e9 en Bresse, et qui a travaill\u00e9 la terre toute sa vie. M\u00eame fait prisonnier par les Allemands, il y pensait chaque jour. Ses mains massives, charnues \u00e9taient le miroir de son \u00eatre. Mais au bout d&rsquo;un des ses doigts demeurait une toute petite zone d&rsquo;ombre. Et d\u00e8s son plus jeune \u00e2ge, son petit fils a voulu \u00e9claircir ce myst\u00e8re, qui les ann\u00e9es passant, il faut bien le dire, s&rsquo;est \u00e9paissi. A travers cette qu\u00eate, il y a la d\u00e9couverte d&rsquo;un a\u00efeul attachant, amusant, tendre, fac\u00e9tieux, humain et une l\u00e9g\u00e8re qu\u00eate existentielle pour celui qui raconte. A commander sur notre boutique&#8230;<\/p>\n","protected":false},"author":1,"featured_media":0,"parent":0,"menu_order":0,"comment_status":"closed","ping_status":"closed","template":"","meta":{"footnotes":""},"class_list":["post-176","page","type-page","status-publish","hentry"],"_links":{"self":[{"href":"https:\/\/www.metodcrea.org\/index.php\/wp-json\/wp\/v2\/pages\/176","targetHints":{"allow":["GET"]}}],"collection":[{"href":"https:\/\/www.metodcrea.org\/index.php\/wp-json\/wp\/v2\/pages"}],"about":[{"href":"https:\/\/www.metodcrea.org\/index.php\/wp-json\/wp\/v2\/types\/page"}],"author":[{"embeddable":true,"href":"https:\/\/www.metodcrea.org\/index.php\/wp-json\/wp\/v2\/users\/1"}],"replies":[{"embeddable":true,"href":"https:\/\/www.metodcrea.org\/index.php\/wp-json\/wp\/v2\/comments?post=176"}],"version-history":[{"count":5,"href":"https:\/\/www.metodcrea.org\/index.php\/wp-json\/wp\/v2\/pages\/176\/revisions"}],"predecessor-version":[{"id":402,"href":"https:\/\/www.metodcrea.org\/index.php\/wp-json\/wp\/v2\/pages\/176\/revisions\/402"}],"wp:attachment":[{"href":"https:\/\/www.metodcrea.org\/index.php\/wp-json\/wp\/v2\/media?parent=176"}],"curies":[{"name":"wp","href":"https:\/\/api.w.org\/{rel}","templated":true}]}}