{"id":2,"date":"2023-02-11T18:02:40","date_gmt":"2023-02-11T17:02:40","guid":{"rendered":"http:\/\/www.metodcrea.org\/?page_id=2"},"modified":"2024-05-28T14:30:29","modified_gmt":"2024-05-28T12:30:29","slug":"page-d-exemple","status":"publish","type":"page","link":"https:\/\/www.metodcrea.org\/","title":{"rendered":"Metod Crea, 40 ann\u00e9es de recherche et d\u2019intervention en psychologie du travail"},"content":{"rendered":"\n<h4 class=\"wp-block-heading\">Une ann\u00e9e tr\u00e8s riche<\/h4>\n\n\n\n<p>Depuis sa cr\u00e9ation en 1980, Metod s\u2019est bien souvent transform\u00e9e.<\/p>\n\n\n\n<p>Elle s\u2019appelle d\u00e9sormais Metod Cr\u00e9a.<\/p>\n\n\n\n<p>Elle se donne pour objectif de rassembler des acteurs de la sant\u00e9, du social, du bien-\u00eatre, de la culture et de l\u2019art. Elle a vocation \u00e0 r\u00e9aliser, publier et diffuser des cr\u00e9ations culturelles ou artistiques&nbsp;: livres, romans, pi\u00e8ces de th\u00e9\u00e2tre, musiques, spectacles\u2026<\/p>\n\n\n\n<p>Avec plusieurs temps fort cette ann\u00e9e.<\/p>\n\n\n\n<p>L\u2019\u00e9dition avec une nouvelle structure cr\u00e9\u00e9e cette ann\u00e9e : Les <a href=\"https:\/\/www.metodcrea.org\/index.php\/les-editions-des-lones\/\">\u00c9ditions des L\u00f4nes<\/a>.<\/p>\n\n\n\n<p>Un projet pour <a href=\"https:\/\/www.metodcrea.org\/index.php\/developper-le-dialogue-social-technologique-au-travail-avec-lanact\/\">d\u00e9velopper le dialogue social technologique au travail, avec l\u2019ANACT<\/a>.<\/p>\n\n\n\n<p>Sans oublier la parution aux Editions Octares d&rsquo;un nouvel ouvrage de r\u00e9f\u00e9rence : <a href=\"https:\/\/www.metodcrea.org\/index.php\/la-methode-de-lobjet-technique-reprendre-la-main-sur-lactivite\/\">La m\u00e9thode de l&rsquo;objet technique. Reprendre la main sur l&rsquo;activit\u00e9<\/a>. Un travail d&rsquo;actualisation n\u00e9cessaire, dirig\u00e9 par Elisabeth Leblanc, Sabrina Rouat, Thierry Gaubert et Bruno Cuvillier.<\/p>\n\n\n\n<p><strong>Sabrina Rouat, Professeure de Psychologie du travail et des organisations \u00e0 l&rsquo;Universit\u00e9 Lumi\u00e8re Lyon 2, nous en fait la pr\u00e9sentation en vid\u00e9o depuis sa chaine ResPTO.<\/strong><\/p>\n","protected":false},"excerpt":{"rendered":"<p>Une ann\u00e9e tr\u00e8s riche Depuis sa cr\u00e9ation en 1980, Metod s\u2019est bien souvent transform\u00e9e. Elle s\u2019appelle d\u00e9sormais Metod Cr\u00e9a. Elle se donne pour objectif de rassembler des acteurs de la sant\u00e9, du social, du bien-\u00eatre, de la culture et de l\u2019art. Elle a vocation \u00e0 r\u00e9aliser, publier et diffuser des cr\u00e9ations culturelles ou artistiques&nbsp;: livres, romans, pi\u00e8ces de th\u00e9\u00e2tre, musiques, spectacles\u2026 Avec plusieurs temps fort cette ann\u00e9e. L\u2019\u00e9dition avec une nouvelle structure cr\u00e9\u00e9e cette ann\u00e9e : Les \u00c9ditions des L\u00f4nes. Un projet pour d\u00e9velopper le dialogue social technologique au travail, avec l\u2019ANACT. Sans oublier la parution aux Editions Octares d&rsquo;un nouvel ouvrage de r\u00e9f\u00e9rence : La m\u00e9thode de l&rsquo;objet technique. Reprendre la main sur l&rsquo;activit\u00e9. Un travail d&rsquo;actualisation n\u00e9cessaire, dirig\u00e9 par Elisabeth Leblanc, Sabrina Rouat, Thierry Gaubert et Bruno Cuvillier. Sabrina Rouat, Professeure de Psychologie du travail et des organisations \u00e0 l&rsquo;Universit\u00e9 Lumi\u00e8re Lyon 2, nous en fait la pr\u00e9sentation en vid\u00e9o depuis sa chaine ResPTO.<\/p>\n","protected":false},"author":1,"featured_media":0,"parent":0,"menu_order":0,"comment_status":"closed","ping_status":"open","template":"","meta":{"footnotes":""},"class_list":["post-2","page","type-page","status-publish","hentry"],"_links":{"self":[{"href":"https:\/\/www.metodcrea.org\/index.php\/wp-json\/wp\/v2\/pages\/2","targetHints":{"allow":["GET"]}}],"collection":[{"href":"https:\/\/www.metodcrea.org\/index.php\/wp-json\/wp\/v2\/pages"}],"about":[{"href":"https:\/\/www.metodcrea.org\/index.php\/wp-json\/wp\/v2\/types\/page"}],"author":[{"embeddable":true,"href":"https:\/\/www.metodcrea.org\/index.php\/wp-json\/wp\/v2\/users\/1"}],"replies":[{"embeddable":true,"href":"https:\/\/www.metodcrea.org\/index.php\/wp-json\/wp\/v2\/comments?post=2"}],"version-history":[{"count":11,"href":"https:\/\/www.metodcrea.org\/index.php\/wp-json\/wp\/v2\/pages\/2\/revisions"}],"predecessor-version":[{"id":364,"href":"https:\/\/www.metodcrea.org\/index.php\/wp-json\/wp\/v2\/pages\/2\/revisions\/364"}],"wp:attachment":[{"href":"https:\/\/www.metodcrea.org\/index.php\/wp-json\/wp\/v2\/media?parent=2"}],"curies":[{"name":"wp","href":"https:\/\/api.w.org\/{rel}","templated":true}]}}