{"id":218,"date":"2023-05-10T13:06:42","date_gmt":"2023-05-10T11:06:42","guid":{"rendered":"https:\/\/www.metodcrea.org\/?page_id=218"},"modified":"2024-05-06T15:17:16","modified_gmt":"2024-05-06T13:17:16","slug":"la-creation-en-live-et-en-vie","status":"publish","type":"page","link":"https:\/\/www.metodcrea.org\/index.php\/la-creation-en-live-et-en-vie\/","title":{"rendered":"La cr\u00e9ation, en live et en vie"},"content":{"rendered":"\n<p>La cr\u00e9ation pour Metod crea, c&rsquo;est aussi la musique et la danse.<\/p>\n\n\n\n<p>La danse, comme lien entre le corps et l&rsquo;autre.<\/p>\n\n\n\n<p>L&rsquo;identit\u00e9 d&rsquo;une personne se construit par le travail, entre autres. C&rsquo;est le domaine de recherche historique de Metod crea. Mais notre identit\u00e9 se construit au fil des \u00e9lans d&rsquo;une vie qui passe toujours plus par le loisir. La soci\u00e9t\u00e9 de consommation de loisirs offre au plus grand nombre la possibilit\u00e9 de se construire par les loisirs, ce qui \u00e9tait r\u00e9serv\u00e9 au 19e si\u00e8cle \u00e0 la classe de loisirs, aristocratie et nouvelle bourgeoisie.<\/p>\n\n\n\n<p>C&rsquo;est pourquoi nous avons particip\u00e9 \u00e0 plusieurs actions et \u00e9v\u00e9nements. Notamment la cr\u00e9ation d&rsquo;un CD par un groupe de musique trad chant\u00e9e <a href=\"https:\/\/www.youtube.com\/watch?v=exWozr-Xo5w&amp;t=11s&amp;ab_channel=LeMazotproduction%3Amemoriesmaker\" target=\"_blank\" rel=\"noreferrer noopener\">Amz\u00e9om<\/a>.<\/p>\n\n\n\n<figure class=\"wp-block-image size-large\"><img loading=\"lazy\" decoding=\"async\" width=\"1024\" height=\"188\" src=\"https:\/\/www.metodcrea.org\/wp-content\/uploads\/2023\/05\/bando-helloasso-1235e61030454718a385d5b94350fe69-1024x188.png\" alt=\"\" class=\"wp-image-219\" srcset=\"https:\/\/www.metodcrea.org\/wp-content\/uploads\/2023\/05\/bando-helloasso-1235e61030454718a385d5b94350fe69-1024x188.png 1024w, https:\/\/www.metodcrea.org\/wp-content\/uploads\/2023\/05\/bando-helloasso-1235e61030454718a385d5b94350fe69-300x55.png 300w, https:\/\/www.metodcrea.org\/wp-content\/uploads\/2023\/05\/bando-helloasso-1235e61030454718a385d5b94350fe69-768x141.png 768w, https:\/\/www.metodcrea.org\/wp-content\/uploads\/2023\/05\/bando-helloasso-1235e61030454718a385d5b94350fe69-1140x209.png 1140w, https:\/\/www.metodcrea.org\/wp-content\/uploads\/2023\/05\/bando-helloasso-1235e61030454718a385d5b94350fe69.png 1363w\" sizes=\"auto, (max-width: 1024px) 100vw, 1024px\" \/><\/figure>\n\n\n\n<p>C&rsquo;est aussi l&rsquo;aide \u00e0 l&rsquo;organisation de festival de musique avec la <a href=\"https:\/\/funambals.lacampanule.fr\/\" target=\"_blank\" rel=\"noreferrer noopener\">Campanule<\/a><\/p>\n\n\n\n<figure class=\"wp-block-image size-large\"><img loading=\"lazy\" decoding=\"async\" width=\"1024\" height=\"219\" src=\"https:\/\/www.metodcrea.org\/wp-content\/uploads\/2023\/05\/funam-1024x219.jpg\" alt=\"\" class=\"wp-image-221\" srcset=\"https:\/\/www.metodcrea.org\/wp-content\/uploads\/2023\/05\/funam-1024x219.jpg 1024w, https:\/\/www.metodcrea.org\/wp-content\/uploads\/2023\/05\/funam-300x64.jpg 300w, https:\/\/www.metodcrea.org\/wp-content\/uploads\/2023\/05\/funam-768x164.jpg 768w, https:\/\/www.metodcrea.org\/wp-content\/uploads\/2023\/05\/funam.jpg 1115w\" sizes=\"auto, (max-width: 1024px) 100vw, 1024px\" \/><\/figure>\n","protected":false},"excerpt":{"rendered":"<p>La cr\u00e9ation pour Metod crea, c&rsquo;est aussi la musique et la danse. La danse, comme lien entre le corps et l&rsquo;autre. L&rsquo;identit\u00e9 d&rsquo;une personne se construit par le travail, entre autres. C&rsquo;est le domaine de recherche historique de Metod crea. Mais notre identit\u00e9 se construit au fil des \u00e9lans d&rsquo;une vie qui passe toujours plus par le loisir. La soci\u00e9t\u00e9 de consommation de loisirs offre au plus grand nombre la possibilit\u00e9 de se construire par les loisirs, ce qui \u00e9tait r\u00e9serv\u00e9 au 19e si\u00e8cle \u00e0 la classe de loisirs, aristocratie et nouvelle bourgeoisie. C&rsquo;est pourquoi nous avons particip\u00e9 \u00e0 plusieurs actions et \u00e9v\u00e9nements. Notamment la cr\u00e9ation d&rsquo;un CD par un groupe de musique trad chant\u00e9e Amz\u00e9om. C&rsquo;est aussi l&rsquo;aide \u00e0 l&rsquo;organisation de festival de musique avec la Campanule<\/p>\n","protected":false},"author":1,"featured_media":0,"parent":0,"menu_order":0,"comment_status":"closed","ping_status":"closed","template":"","meta":{"footnotes":""},"class_list":["post-218","page","type-page","status-publish","hentry"],"_links":{"self":[{"href":"https:\/\/www.metodcrea.org\/index.php\/wp-json\/wp\/v2\/pages\/218","targetHints":{"allow":["GET"]}}],"collection":[{"href":"https:\/\/www.metodcrea.org\/index.php\/wp-json\/wp\/v2\/pages"}],"about":[{"href":"https:\/\/www.metodcrea.org\/index.php\/wp-json\/wp\/v2\/types\/page"}],"author":[{"embeddable":true,"href":"https:\/\/www.metodcrea.org\/index.php\/wp-json\/wp\/v2\/users\/1"}],"replies":[{"embeddable":true,"href":"https:\/\/www.metodcrea.org\/index.php\/wp-json\/wp\/v2\/comments?post=218"}],"version-history":[{"count":7,"href":"https:\/\/www.metodcrea.org\/index.php\/wp-json\/wp\/v2\/pages\/218\/revisions"}],"predecessor-version":[{"id":343,"href":"https:\/\/www.metodcrea.org\/index.php\/wp-json\/wp\/v2\/pages\/218\/revisions\/343"}],"wp:attachment":[{"href":"https:\/\/www.metodcrea.org\/index.php\/wp-json\/wp\/v2\/media?parent=218"}],"curies":[{"name":"wp","href":"https:\/\/api.w.org\/{rel}","templated":true}]}}